4*j - 32 = 0. Calculate the remainder when l is divided by j/(-6)*(-2 - 13).
19
Let x be (8/12)/(4/(-6)). Let h(k) = -k - 2. Let b(m) = 1. Let p(g) = x*h(g) + 6*b(g). Calculate the remainder when p(-6) is divided by 2.
0
Let i(z) = 1 - 3*z**2 + 3*z - 2 + 2*z**2 + 4*z. Let f be i(6). Suppose 0 = u + f*j - 6, -3*u + 3*j = -j - 37. What is the remainder when 20 is divided by u?
9
What is the remainder when 86 + -2 + -2 + (3 - 4) is divided by 42?
39
Let n = -33 - -60. Calculate the remainder when 105 is divided by n.
24
Suppose 5*q - 2*l + 0*l = 96, 0 = -5*l + 10. What is the remainder when 77 is divided by q?
17
Let m(t) = -15*t + 36. Let i(h) = 5*h - 12. Let x(o) = -8*i(o) - 3*m(o). Let b be x(8). Suppose -b = -4*c + 40. Calculate the remainder when 33 is divided by c.
16
Let n(t) = 2*t**3 - t**2 + t. What is the remainder when n(1) is divided by 1?
0
Suppose 29 + 132 = 4*a - n, 0 = 5*a + 2*n - 211. Let x(v) = 8*v - 2. What is the remainder when a is divided by x(2)?
13
Suppose 3*n = 4*n. Suppose n = 3*j + 9, 158 = 4*i - j - 141. What is the remainder when i is divided by 19?
17
Suppose -6*t = -3*t - 258. Let h = -10 + 32. Calculate the remainder when t is divided by h.
20
Suppose -5*y - 2*p = -24 - 8, p = -3*y + 19. Suppose 10*k = 9*k + 16. Calculate the remainder when k is divided by y.
4
Let o(t) = 4*t + 4*t**2 + 2*t**2 - 5*t**2 + 3. What is the remainder when (-2109)/(-296) - (-2 + 1)/(-8) is divided by o(-4)?
1
Suppose -3 = -7*f + 10*f. Suppose -4*h = h - 55. Calculate the remainder when -3 + 33 + (-1)/f is divided by h.
9
Suppose -2*t + 3*t - 77 = 0. What is the remainder when (-14)/35 - t/(-5) is divided by 8?
7
Let h(d) = -3*d - 1. Let m be h(-1). Calculate the remainder when -4 + 3 - (-18)/m is divided by 3.
2
Suppose -4*d - 2 + 10 = 0. Suppose 0*f = -d*f + 20. Calculate the remainder when f is divided by 4.
2
Suppose 2*v - 90 = -2*r, -v - 155 = -3*r + v. Suppose -g - r = -2*g. Let d = g + -32. What is the remainder when 50 is divided by d?
16
Suppose -60 = 3*q - 8*q. Suppose -h = 2*k - 84, -3*h - 94 = -2*k + h. Let y = k - 9. What is the remainder when y is divided by q?
10
Suppose 0 = -u + 5*a + 78, -3*u + a + 271 - 79 = 0. Calculate the remainder when u is divided by 22.
19
Let c(k) = -k**2 + 44. Let y be c(0). Let j be 8/(-36) - 38/(-9). Let i = y - j. What is the remainder when i is divided by 14?
12
Let o(q) = 5 - 12*q + 0*q - 1. Let l(a) = -6*a + 2. Let r(i) = 9*l(i) - 4*o(i). Calculate the remainder when r(-4) is divided by 14.
12
Let f be 2/(4/(-18)) - 3. Calculate the remainder when 54 is divided by f/(-16) + 146/8.
16
Suppose 13*d = 8*d + 445. What is the remainder when d is divided by 23?
20
Let k(y) = -y**3 + 7*y**2 + 7*y + 11. Let o be k(8). Suppose -o*r + 5*l = -190, -r + 2*r - 70 = -5*l. Calculate the remainder when r is divided by 22.
21
Let z = 4 + -1. Suppose z*u - 3*g = 90, -4*g = 3*u - 93 + 17. What is the remainder when u is divided by 10?
8
Suppose -5*h + 23 = 3. Let t = 3 - 2. Suppose -s = h*v - 11, 4*v - t - 3 = 0. Calculate the remainder when 12 is divided by s.
5
Suppose -3*m + 0 = 9, -3 = 3*p + 3*m. Suppose -4 = -p*d - 0. Let t = 8 - 3. Calculate the remainder when t is divided by d.
1
Let b(d) = d + 5. Let q be b(-11). Calculate the remainder when 20 is divided by -1*(-9 + 4 + q).
9
Let y(d) be the first derivative of d**2/2 + 3*d + 1. Calculate the remainder when 11 + (3/(-1))/(-3) is divided by y(4).
5
Suppose 5*k - 5 + 0 = 5*i, 8 = 4*i - k. Suppose i*n = 5*n - 10. Calculate the remainder when 7 is divided by n.
2
Suppose -7*x + 3*x = 0. Let p(a) = a + 37. What is the remainder when p(x) is divided by 20?
17
Suppose 19 + 76 = 5*x. Suppose -g = -6*g + 185. What is the remainder when g is divided by x?
18
Let b be 3 + 0 + 3 + -3. Suppose 4*o = b*o + 44. What is the remainder when o is divided by 15?
14
Let m = -55 - -56. What is the remainder when 5 is divided by m?
0
Let m = 22 - 11. Calculate the remainder when 19 is divided by m.
8
Let d(p) = 30*p**2 + 1. Let r(l) = l**2 + l - 1. Let s be r(1). What is the remainder when d(s) is divided by 8?
7
Suppose -w = -2, 2*v + w = 8 - 2. Suppose 0*h = 4*t - h - 13, 0 = v*t + 3*h - 3. Calculate the remainder when 8 is divided by t.
2
Let l = -9 - -18. Let q = l - -10. Let j = 14 + q. What is the remainder when j is divided by 17?
16
Let i = 21 - 6. Calculate the remainder when 29 is divided by i.
14
Suppose -4*f + 46 = -46. Calculate the remainder when 89 is divided by f.
20
Suppose -6*d + 80 = -d. Let z = d + -2. Calculate the remainder when 27 is divided by z.
13
Let b be 11/3 + 4/12. Suppose -24 + 154 = b*i + 2*j, -4*i - 3*j + 131 = 0. What is the remainder when 46 is divided by i/(-3)*6/(-4)?
14
Suppose -2*h + 7 = -n, h = -n + 3*n - 4. What is the remainder when 11 is divided by h?
5
Suppose -2*u - 61 = -x - 6, -x + 4*u + 47 = 0. Suppose -x = -3*y + 4*h, -5*y - 3*h + 105 = h. Calculate the remainder when y is divided by 8.
5
Suppose 5*t - 4*t - 15 = 4*v, v = 2*t - 16. What is the remainder when t is divided by 2?
1
Let m(u) = -u + 4. What is the remainder when (0 + 46)*(-15)/(-30) is divided by m(-4)?
7
Suppose 0 = 5*o - l + 8 - 58, 0 = o - l - 6. Let m(a) = 7*a**2 - 2*a + 1. Let i be 2/6 - (-12)/18. What is the remainder when o is divided by m(i)?
5
Suppose 0 = 4*h - h - 72. Suppose -5*i = -16 - h. Suppose 0 = l - 11 - 12. Calculate the remainder when l is divided by i.
7
Suppose -2*l + 15 = 5*a + 3*l, -l = -3*a + 25. Calculate the remainder when a is divided by 6.
1
Suppose -2*h - b = 3*h - 171, -131 = -4*h + 5*b. Let g = -20 + 29. What is the remainder when h is divided by g?
7
Let t(y) = -5*y - 3*y + 5*y - 8. Suppose b - 5*q = -11, -4*b + q = b - 41. Calculate the remainder when t(-8) is divided by b.
7
Let y(v) = -4*v - 22. Let q be y(-9). Suppose 4*i = x + q, 3*i - 2*i - 4*x = 11. Calculate the remainder when 8 is divided by i.
2
Suppose -4*a + 11 = -3*d, 3*a - 4*a + 1 = d. Suppose a*c - 24 + 0 = 0. What is the remainder when c is divided by 7?
5
Let s be 33/12*2*32. Suppose -s = -3*r - r. Suppose i + 44 = 3*c - 4*i, -i = -5*c + r. Calculate the remainder when c is divided by 5.
3
Let o(v) = -3*v + v + 14*v**2 - 2*v + 4 - 2. Let u be o(2). Let m = -26 + u. Calculate the remainder when m is divided by 13.
11
Let y(o) = -o**3 + 10*o**2 + o + 8. Let h = -26 + 36. Calculate the remainder when 52 is divided by y(h).
16
Let t(g) = -g**2 + 5*g + 17. Let l be t(7). Suppose 2*q - 5*n - 370 = -l*q, -3*q = -n - 216. What is the remainder when q is divided by 24?
23
Let x(f) = -f**2 + 6*f - 5. Let r be x(4). Suppose -r*d + 116 = 14. Let j = -14 + d. What is the remainder when j is divided by 11?
9
Let r be (2 + 4)/(9/150). Suppose -y = 4*g - 43, 4*y - r = 4*g - 28. Calculate the remainder when y is divided by 13.
10
Let t = 20 + -13. Let j(w) = 4*w + 1. Calculate the remainder when 57 is divided by j(t).
28
Let f = 96 + -77. Calculate the remainder when f is divided by 7.
5
Calculate the remainder when ((-156)/(-15))/(1/5) is divided by 1070/60 + (-2)/(-12).
16
Suppose 15*y - 498 = -63. Calculate the remainder when y is divided by (-2)/7 - (-114)/7.
13
Let m(f) = -f - 8. Let c be m(-7). What is the remainder when 20 is divided by c/(((-4)/11)/4)?
9
Let j(f) = 3*f. Suppose 0 = -0*i + 2*i - 12. What is the remainder when 51 is divided by j(i)?
15
Suppose -2*x = -6*x + 2*l - 134, x - 2*l = -26. What is the remainder when (-2 + x + 2)/(-1) is divided by 1 + 12*(-3)/(-2)?
17
Let r be 3/(2/(2 + 0)). Suppose 3 = -4*h - l + 6*l, 0 = r*h + 3*l - 18. Suppose -h*s + 11 = -1. What is the remainder when 10 is divided by s?
2
Let g(x) = -13*x**2 + x. Suppose 5*l = -2*q - 18, 15 = -q - 5*l + l. Let o be g(q). Calculate the remainder when 10 is divided by ((-16)/o)/((-2)/(-9)).
4
Suppose -3*b = -2*b. Suppose -5*c + 2*c + 6 = b. Calculate the remainder when 5 is divided by c.
1
Suppose -98 = 2*n - 0*w + 2*w, -5*n + 3*w = 237. Let l = -22 - n. Calculate the remainder when l is divided by 7.
5
Let t(g) = g**3 + 7*g**2 + 8*g + 7. What is the remainder when 31 is divided by t(-5)?
14
Let y(d) be the second derivative of -d**4/12 - d**3/2 + 2*d. Let x be y(-3). Calculate the remainder when (-2 + 1)*(-2 - x) is divided by 2.
0
Suppose z + f = 2*z - 4, -5*z + 4*f = -16. Suppose z = -5*